 2*p, -3*p = -4*j + 283. Let c = j - 16. What is the highest common factor of c and 6?
6
Let g = -60 - -84. Let k = g + 56. Suppose 4*z = 2*z + k. What is the highest common factor of 8 and z?
8
Suppose -32 = -f + 5*v, -2*f - 5*v = 2*f - 28. What is the highest common factor of f and 60?
12
Suppose -4*p + 2*p + 14 = 0. Let r(m) = 11*m + 5. Let b = 15 - 11. Let l be r(b). Calculate the greatest common divisor of l and p.
7
Let t(k) = -9*k**2 - 7*k + 2. Let a be t(-10). Let c be (a/(-16))/(1/4). Calculate the highest common divisor of c and 23.
23
Let b(f) = 3*f + 5. Let t be b(6). Let n = t - 8. Let p = -122 + 242. Calculate the greatest common divisor of p and n.
15
Let a(o) = -o**2 + 6*o + 5. Let p be a(6). Suppose 3*j + 5 = -p*n, 5*n + j = 3*j - 5. Let z be 63 + 2 + n + -1. Calculate the highest common factor of z and 9.
9
Let b(x) = -x**2 - 2*x. Let d be b(-5). Let v = 55 + d. Calculate the greatest common factor of v and 10.
10
Let c(o) = o**3 - 3*o**2 - 4*o - 9. Let q be c(5). Calculate the highest common factor of q and 42.
21
Let x be 0 - -2 - 1*-26. Suppose -4*u + 12 = -s, 3*u + 4*s - x = -0. Suppose 2*r = -p - r + 21, 40 = u*p + r. What is the greatest common divisor of 18 and p?
9
Let l be -1*((-22)/(-1))/(-2). Let g = 13 - l. Calculate the greatest common divisor of 3 and g.
1
Let l = -21 - -35. Suppose -2*d - 4*y = l, -2*d - 10 = 3*d + 5*y. Suppose d*f = -3, -3*r + 16 = -2*r - 4*f. What is the highest common factor of 30 and r?
6
Suppose 4*y + 24 = 2*g, 5*y - 60 = -0*g - 5*g. Suppose 16 - 1 = 5*u. What is the greatest common factor of u and g?
3
Let m(j) = -j**2 - 7*j + 4. Let r be m(-6). What is the highest common factor of r and 2?
2
Let v be 14*(2 - 1) + -4. What is the greatest common factor of 10 and v?
10
Suppose 16 = -4*z, 2*s = -2*s + z + 32. Calculate the highest common factor of 21 and s.
7
Suppose -2*a + 9 = 1, -4*f = 2*a - 8. Suppose f*t + 20 = 4*t. Suppose 2*s - 5*u = 22, 0 = 4*s + t*u + 6 + 10. Calculate the highest common divisor of 4 and s.
1
Suppose 6*k - 5 = k, k + 159 = 4*c. Calculate the highest common factor of 8 and c.
8
Suppose 0 = -3*x - 0 - 9. Suppose 11*j - 320 = 6*j. Let m be (3/x)/((-2)/j). What is the greatest common divisor of m and 8?
8
Let a(w) = w - 1. Let p(o) = 38. Let j(g) = 38*a(g) + p(g). Let z be j(1). What is the greatest common factor of z and 57?
19
Let a = 0 + 27. Let h = 86 + -256. Let o be (-1)/(-2) + h/(-20). Calculate the greatest common divisor of a and o.
9
Suppose -2*v = 2*f - 40, -4*v - 6 + 70 = -4*f. What is the highest common factor of v and 2?
2
Let m(k) = k**2 - 3*k - 16. Let o be m(-3). Calculate the greatest common divisor of o and 6.
2
Let m be (-1)/4 - (-17)/4. Let j(v) = 10*v + 5. Let x be j(3). Let h be m/14 - (-305)/x. What is the highest common factor of 3 and h?
3
Suppose 32 = 4*j + 4*i, 5*j - 2*i = 2*i + 67. What is the greatest common divisor of j and 77?
11
Let u(w) = -w**3 + 6*w**2 + 5*w + 6. Let j be u(6). Let b(i) = i**2 + 9*i - 10. Let s be b(-11). What is the highest common divisor of j and s?
12
Let c = -1 - -7. Suppose -w - w + 3*l - 5 = 0, 0 = 2*l - c. Suppose -w*g = -g + 1, n + g = 19. Calculate the greatest common factor of n and 4.
4
Suppose 5*j + 3*z - 124 = 0, -5*j + 51 = z - 67. What is the highest common divisor of 115 and j?
23
Let r(q) = -q**3 + 37. Let o be r(0). Let j = o - 19. Let y be (j/4)/(2/16). What is the greatest common factor of y and 12?
12
Suppose -2*y = 13*y - 2205. What is the highest common factor of 98 and y?
49
Suppose w - y + 3*y - 11 = 0, w + 5*y = 23. Suppose 4*i - 122 + 18 = 0. Suppose -w*k + k = -i. What is the highest common factor of k and 143?
13
Let s be ((-2)/(-6)*-1)/(11/(-99)). Let h(t) = -t**3 + t**2 + 3*t - 1. Let i be h(2). What is the greatest common divisor of i and s?
1
Let g = 67 + -45. Calculate the greatest common factor of g and 110.
22
Suppose 0*h + 2*h = 14. Let i = h - -4. Calculate the greatest common factor of 88 and i.
11
Let y(k) = -k**2 + k + 30. Let u be y(0). Let m = 1 - -4. Suppose 2*s = -s - x + m, 2*s + x = 2. What is the highest common factor of u and s?
3
Suppose 5*r - 74 = 61. Let m be 26/10 + 2/5. What is the greatest common divisor of r and m?
3
Let j = -5 + 28. Calculate the highest common factor of j and 46.
23
Let a(p) = p**3 + 6*p**2 + 6*p + 3. Let z(l) = -2*l - 2. Let w be z(-3). Suppose -3*s - w = -2*s. Let q be a(s). What is the highest common factor of 77 and q?
11
Let j(u) = 50*u + 1. Let c be j(5). Suppose 4*t - c = 5*g + 37, -3*g + 3*t - 174 = 0. Let o be g/(-6)*(0 - -3). What is the greatest common factor of 7 and o?
7
Let d = -4 + 6. Suppose d*n - 5 = -3*n. Let o = 7 - n. What is the highest common divisor of o and 9?
3
Suppose a + 597 = -2*a. Let m = a - -375. What is the highest common factor of 16 and m?
16
Suppose 4*m - 14 = -6*y + 3*y, 0 = -2*y - 4*m + 16. Let b be y*(-3 + (-3)/(-6)). Let j = -31 - -66. What is the greatest common factor of b and j?
5
Let p(h) = -15*h + 4. Let k be p(-2). What is the highest common divisor of k and 51?
17
Let s(p) = 13*p - 2. Suppose 0 = 2*t - t - 2. Let h be s(t). Let y be h/5 + 3/15. What is the greatest common divisor of y and 1?
1
Let v be 1*0/((-1)/1). Suppose -u - 4*u = v. Suppose w - f - 3*f - 25 = u, 4*w + 4*f = 140. Calculate the highest common divisor of w and 22.
11
Let d = -79 - -157. What is the greatest common factor of 26 and d?
26
Let q(d) = 30*d**2 + 5*d. Let n be q(-2). Let c be (-1 + (-24)/(-2))*2. What is the highest common divisor of n and c?
22
Let r(s) = 3*s**2 + s - 4. Let z be r(-5). Calculate the highest common factor of 6 and z.
6
Let t(u) = -u**3 - 6*u**2 - u - 3. Let r be t(-6). Suppose 80 = -j + 5*j + 5*k, -2*k = -r*j + 60. What is the highest common divisor of 40 and j?
20
Let d = 2 - -4. Let i = -1 + d. What is the greatest common factor of 55 and i?
5
Suppose -f - 26 = -71. What is the greatest common factor of f and 30?
15
Suppose 0*u = -3*u + 15. Calculate the greatest common factor of u and 40.
5
Suppose 8 = -2*g - 2*g. Let l be (g - 2*-1)/(-2). Suppose -5*h - 6*i + 335 = -i, l = 3*h + i - 193. What is the greatest common factor of 7 and h?
7
Let z be 40 - (2 + -3)*1. Let q = z + -21. Calculate the highest common divisor of 5 and q.
5
Suppose -v - 5*a = 3*v - 173, 3*v - 131 = -5*a. Let h = -887 + 893. What is the greatest common factor of v and h?
6
Let q be (-24)/32 - 30/(-8). Suppose 0 = -5*n - 20, 4*s - q*s = n + 20. Calculate the greatest common factor of 80 and s.
16
Suppose 5*x - 3*r = 75, x + 4*r = 7*r + 3. What is the greatest common factor of x and 144?
18
Let d = 52 + 74. Calculate the highest common divisor of 18 and d.
18
Let k be ((-1)/(-2))/(7/168). Suppose 5*b = 2*p + k, 2*b = 3*p - 6*p + 1. What is the highest common factor of 8 and b?
2
Suppose -5*w = -k - 136, 0 = 4*w + 4*k - 84 - 20. What is the greatest common divisor of 81 and w?
27
Suppose 3*k - k = 42. Let r be k/3 + (-1 - 0). Calculate the highest common factor of r and 6.
6
Let s be 63 + -1 + -4 + 3. Let c = -5 + s. Let f be 1/(-2) + 17/2. What is the greatest common divisor of c and f?
8
Let z = -46 - -57. Calculate the greatest common divisor of z and 55.
11
Let u be (-2)/(-13) + 37/13. Let n(o) = 2*o - 1 - 2*o - 9*o**u + 28*o**3. Let j be n(1). What is the highest common factor of 54 and j?
18
Let w(h) = 7*h + 19. Let s be w(3). Calculate the greatest common divisor of 8 and s.
8
Let q be 2*((-78)/(-4) + -1). Suppose b + 1 - q = 0. Let a = 18 + -6. What is the greatest common divisor of b and a?
12
Let a(u) = -u**2 + u + 1. Let h(b) = -6*b**2 - 7. Let l(f) = 5*a(f) - h(f). Let y be l(-6). What is the highest common factor of y and 72?
18
Let t = 8 - 24. Let u = 26 + t. What is the highest common divisor of u and 5?
5
Let p = 46 + -44. What is the highest common divisor of p and 10?
2
Let o(v) = 5*v - 39. Let g be o(23). What is the highest common divisor of 38 and g?
38
Suppose -2*f + 4 = -4*b + 16, 5*f + 15 = -5*b. Let x be 2 - (f/(-2) - 2). What is the greatest common factor of x and 2?
2
Suppose 0 = 3*i - t + 6*t + 4, 0 = t + 5. Calculate the highest common divisor of i and 21.
7
Let l = 17 - 11. Let g = l - -4. Calculate the highest common factor of g and 90.
10
Let y = 3 + -13. Let h = -16 - y. Let x(i) = i**3 + 7*i**2